47 and 1363?
47
What is the greatest common factor of 255 and 690?
15
What is the greatest common divisor of 1395 and 270?
45
What is the highest common divisor of 11610 and 540?
270
Calculate the greatest common factor of 6536 and 532.
76
Calculate the greatest common factor of 221 and 2223.
13
Calculate the greatest common factor of 10 and 16.
2
What is the highest common factor of 18 and 342?
18
What is the highest common divisor of 4520 and 60?
20
Calculate the greatest common divisor of 136 and 8.
8
What is the highest common factor of 916 and 28?
4
What is the highest common divisor of 70 and 40?
10
Calculate the highest common factor of 3264 and 51.
51
Calculate the greatest common divisor of 343 and 7.
7
What is the highest common factor of 738 and 861?
123
Calculate the greatest common divisor of 4929 and 217.
31
Calculate the greatest common factor of 94 and 1269.
47
Calculate the greatest common factor of 784 and 147.
49
Calculate the highest common divisor of 20 and 5.
5
Calculate the greatest common factor of 1347 and 3.
3
What is the highest common factor of 352 and 440?
88
Calculate the highest common factor of 824 and 8.
8
What is the greatest common divisor of 455 and 70?
35
Calculate the highest common divisor of 38 and 646.
38
What is the highest common divisor of 612 and 2533?
17
What is the greatest common factor of 45 and 2215?
5
Calculate the highest common divisor of 1417 and 218.
109
What is the greatest common divisor of 72 and 252?
36
Calculate the highest common divisor of 161 and 77.
7
Calculate the highest common divisor of 168 and 63.
21
Calculate the greatest common factor of 10632 and 24.
24
What is the highest common factor of 136 and 2057?
17
What is the highest common divisor of 18468 and 27?
27
What is the highest common divisor of 104 and 56?
8
Calculate the greatest common divisor of 91 and 364.
91
What is the greatest common factor of 60 and 204?
12
What is the highest common factor of 280 and 168?
56
What is the highest common divisor of 28 and 32?
4
What is the highest common divisor of 544 and 34?
34
What is the highest common factor of 34 and 8228?
34
Calculate the greatest common factor of 41567 and 211.
211
What is the highest common factor of 7266 and 84?
42
Calculate the greatest common divisor of 1 and 29.
1
What is the highest common factor of 3956 and 1204?
172
Calculate the highest common divisor of 1050 and 42.
42
Calculate the highest common factor of 3717 and 354.
177
What is the highest common factor of 8502 and 117?
39
Calculate the greatest common divisor of 2783 and 23.
23
What is the highest common factor of 11 and 1001?
11
Calculate the highest common factor of 2712 and 12.
12
What is the greatest common factor of 176 and 752?
16
What is the greatest common divisor of 24 and 324?
12
Calculate the greatest common divisor of 35 and 56.
7
Calculate the greatest common divisor of 80 and 2710.
10
Calculate the highest common factor of 384 and 80.
16
What is the greatest common divisor of 992 and 96?
32
What is the greatest common factor of 4956 and 3068?
236
What is the greatest common factor of 33 and 176?
11
Calculate the highest common factor of 791 and 826.
7
Calculate the greatest common divisor of 99 and 261.
9
Calculate the highest common factor of 7 and 2408.
7
What is the greatest common divisor of 18 and 162?
18
Calculate the greatest common factor of 104 and 52.
52
What is the highest common divisor of 18 and 2?
2
What is the greatest common divisor of 216 and 48?
24
What is the greatest common divisor of 129 and 18?
3
What is the highest common divisor of 32 and 848?
16
Calculate the highest common factor of 5226 and 78.
78
Calculate the greatest common divisor of 126 and 9.
9
Calculate the greatest common factor of 1472 and 92.
92
What is the highest common factor of 530 and 212?
106
Calculate the highest common factor of 5420 and 50.
10
What is the highest common factor of 135 and 11205?
135
What is the greatest common factor of 20 and 50?
10
Calculate the greatest common divisor of 18147 and 552.
69
Calculate the greatest common divisor of 32 and 16.
16
What is the greatest common divisor of 144 and 256?
16
Calculate the greatest common divisor of 95 and 76.
19
What is the highest common divisor of 550 and 176?
22
What is the greatest common divisor of 1376 and 86?
86
Calculate the highest common factor of 9375 and 75.
75
What is the greatest common factor of 125 and 25?
25
Calculate the highest common factor of 64 and 864.
32
Calculate the highest common factor of 5 and 720.
5
Calculate the highest common factor of 27 and 9594.
9
What is the greatest common divisor of 3170 and 5?
5
What is the highest common factor of 364 and 312?
52
What is the highest common factor of 58 and 58?
58
Calculate the highest common divisor of 99 and 3135.
33
What is the highest common divisor of 3159 and 621?
27
Calculate the greatest common factor of 144 and 51.
3
Calculate the greatest common factor of 29412 and 76.
76
What is the highest common divisor of 57 and 9443?
19
Calculate the greatest common divisor of 96 and 672.
96
Calculate the greatest common factor of 258 and 12.
6
What is the highest common factor of 204 and 4692?
204
What is the greatest common divisor of 6 and 174?
6
Calculate the highest common divisor of 55 and 17105.
55
Calculate the greatest common divisor of 8 and 248.
8
Calculate the highest common divisor of 20 and 8.
4
What is the greatest common divisor of 629 and 544?
17
What is the highest common factor of 10 and 2460?
10
Calculate the highest common factor of 624 and 1326.
78
Calculate the highest common factor of 135 and 8685.
45
Calculate the greatest common divisor of 25973 and 19.
19
What is the highest common divisor of 884 and 26?
26
What is the greatest common factor of 152 and 722?
38
What is the highest common divisor of 83931 and 303?
303
Calculate the highest common factor of 31 and 527.
31
What is the highest common divisor of 390 and 120?
30
Calculate the greatest common divisor of 275 and 9295.
55
Calculate the highest common divisor of 3485 and 34.
17
Calculate the highest common divisor of 612 and 84.
12
Calculate the highest common divisor of 16 and 68.
4
What is the highest common divisor of 136 and 16?
8
Calculate the greatest common divisor of 160 and 224.
32
Calculate the highest common divisor of 73 and 1241.
73
Calculate the greatest common factor of 168 and 714.
42
Calculate the greatest common divisor of 564 and 6.
6
What is the greatest common factor of 128 and 32?
32
Calculate the greatest common divisor of 225 and 18.
9
Calculate the greatest common factor of 6 and 177.
3
What is the greatest common factor of 400 and 368?
16
Calculate the greatest common factor of 1 and 9.
1
Calculate the highest common factor of 28 and 1617.
7
Calculate the greatest common factor of 9084 and 24.
12
What is the highest common factor of 1080 and 104?
8
What is the highest common divisor of 15 and 1215?
15
Calculate the greatest common divisor of 2268 and 14.
14
What is the highest common factor of 292 and 8?
4
Calculate the greatest common factor of 81 and 216.
27
Calculate the highest common factor of 16 and 19088.
16
What is the greatest common factor of 10 and 190?
10
Calculate the highest common factor of 186 and 248.
62
What is the greatest common divisor of 8 and 44?
4
Calculate the greatest common factor of 352 and 660.
44
What is the greatest common divisor of 280 and 6090?
70
What is the highest common divisor of 45 and 240?
15
Calculate the greatest common divisor of 6890 and 26.
26
Calculate the highest common factor of 15 and 235.
5
Calculate the greatest common divisor of 12 and 32.
4
What is the greatest common divisor of 81 and 10719?
27
Calculate the highest common factor of 354 and 59.
59
Calculate the highest common divisor of 56 and 320.
8
Calculate the highest common factor of 12 and 156.
12
What is the greatest common factor of 272 and 208?
16
What is the greatest common divisor of 83 and 2407?
83
Calculate the highest common divisor of 30 and 730.
10
Calculate the highest common divisor of 39 and 65.
13
What is the greatest common divisor of 544 and 51?
17
Calculate the highest common factor of 30 and 345.
15
Calculate the g